{"id":6,"date":"2022-04-28T00:55:06","date_gmt":"2022-04-28T04:55:06","guid":{"rendered":"https:\/\/lasalletarija.jgnube.com\/?page_id=6"},"modified":"2022-04-29T00:00:40","modified_gmt":"2022-04-29T04:00:40","slug":"acerca-de","status":"publish","type":"page","link":"https:\/\/lasalletarija.org\/index.php\/acerca-de\/","title":{"rendered":"Quienes Somos"},"content":{"rendered":"\n<h2 class=\"wp-block-heading\"><strong>Una comunidad de fe<\/strong><\/h2>\n\n\n\n<p>LA SALLE es una Instituci\u00f3n implantada en casi un centenar de pa\u00edses que se dedica a la Educaci\u00f3n. Los Centros La Salle reciben su nombre de San Juan Bautista de La Salle quien, a finales del s. XVII se asoci\u00f3 con unos maestros para mantener escuelas dedicadas a los ni\u00f1os pobres. Con ellos fund\u00f3 el Instituto de los Hermanos de las Escuelas Cristianas.<\/p>\n\n\n\n<p>Juan Bautista y estos maestros, viviendo y reflexionando juntos, llegaron a compartir un mismo esp\u00edritu que llenaba de sentido su tarea educadora. Aquellos maestros se convirtieron en Hermanos, personas que se consagran a Dios en comunidad y se comprometen a vivir juntos y por asociaci\u00f3n al servicio educativo de los pobres.<\/p>\n\n\n\n<h2 class=\"wp-block-heading\">Misi\u00f3n<\/h2>\n\n\n\n<div class=\"wp-block-group\"><div class=\"wp-block-group__inner-container is-layout-flow wp-block-group-is-layout-flow\">\n<div class=\"wp-block-media-text is-stacked-on-mobile\"><figure class=\"wp-block-media-text__media\"><img loading=\"lazy\" decoding=\"async\" width=\"927\" height=\"720\" src=\"https:\/\/lasalletarija.jgnube.com\/wp-content\/uploads\/2022\/04\/mision.webp\" alt=\"\" class=\"wp-image-125 size-full\" srcset=\"https:\/\/lasalletarija.org\/wp-content\/uploads\/2022\/04\/mision.webp 927w, https:\/\/lasalletarija.org\/wp-content\/uploads\/2022\/04\/mision-300x233.webp 300w, https:\/\/lasalletarija.org\/wp-content\/uploads\/2022\/04\/mision-768x597.webp 768w\" sizes=\"auto, (max-width: 927px) 100vw, 927px\" \/><\/figure><div class=\"wp-block-media-text__content\">\n<blockquote class=\"wp-block-quote is-layout-flow wp-block-quote-is-layout-flow\"><p>Somos una Unidad Educativa Lasallista, que promueve la formaci\u00f3n acad\u00e9mica, humana y<br>cristiana de calidad; fortaleciendo los valores, actitudes, capacidades y competencias en los<br>estudiantes, a trav\u00e9s de una gesti\u00f3n estrat\u00e9gica de did\u00e1cticas actualizadas y pertinentes de<br>previsi\u00f3n, para que contribuyan en la promoci\u00f3n de ciudadan\u00edas justas a trav\u00e9s de su proyecto<br>de vida, consolidado con \u00e9tica y justicia social<\/p><\/blockquote>\n<\/div><\/div>\n<\/div><\/div>\n\n\n\n<div style=\"height:39px\" aria-hidden=\"true\" class=\"wp-block-spacer\"><\/div>\n\n\n\n<h2 class=\"wp-block-heading\">Visi\u00f3n<\/h2>\n\n\n\n<div class=\"wp-block-group\"><div class=\"wp-block-group__inner-container is-layout-flow wp-block-group-is-layout-flow\">\n<div class=\"wp-block-media-text is-stacked-on-mobile\"><figure class=\"wp-block-media-text__media\"><img loading=\"lazy\" decoding=\"async\" width=\"927\" height=\"720\" src=\"https:\/\/lasalletarija.jgnube.com\/wp-content\/uploads\/2022\/04\/mision.webp\" alt=\"\" class=\"wp-image-125 size-full\" srcset=\"https:\/\/lasalletarija.org\/wp-content\/uploads\/2022\/04\/mision.webp 927w, https:\/\/lasalletarija.org\/wp-content\/uploads\/2022\/04\/mision-300x233.webp 300w, https:\/\/lasalletarija.org\/wp-content\/uploads\/2022\/04\/mision-768x597.webp 768w\" sizes=\"auto, (max-width: 927px) 100vw, 927px\" \/><\/figure><div class=\"wp-block-media-text__content\">\n<blockquote class=\"wp-block-quote is-layout-flow wp-block-quote-is-layout-flow\"><p>Hasta el a\u00f1o 2024 seremos una Unidad Educativa, l\u00edder en la formaci\u00f3n acad\u00e9mica, humana y cristiana de calidad, desde los principios lasallistas; atentos a las necesidades educativas de nuestros estudiantes y sus familias, construyendo nuevos caminos para transformar vidas y brindando a la sociedad bachilleres con formaci\u00f3n \u00e9tica e integral (aprender a ser, aprender a aprender, aprender haciendo y aprender a vivir juntos).<\/p><\/blockquote>\n<\/div><\/div>\n<\/div><\/div>\n\n\n\n<p><\/p>\n","protected":false},"excerpt":{"rendered":"<p>Una comunidad de fe LA SALLE es una Instituci\u00f3n implantada en casi un centenar de pa\u00edses que se dedica a la Educaci\u00f3n. Los Centros La Salle reciben su nombre de San Juan Bautista de La Salle quien, a finales del s. XVII se asoci\u00f3 con unos maestros para mantener escuelas dedicadas a los ni\u00f1os pobres. [&hellip;]<\/p>\n","protected":false},"author":1,"featured_media":0,"parent":0,"menu_order":0,"comment_status":"closed","ping_status":"closed","template":"","meta":{"footnotes":""},"class_list":["post-6","page","type-page","status-publish","hentry"],"_links":{"self":[{"href":"https:\/\/lasalletarija.org\/index.php\/wp-json\/wp\/v2\/pages\/6","targetHints":{"allow":["GET"]}}],"collection":[{"href":"https:\/\/lasalletarija.org\/index.php\/wp-json\/wp\/v2\/pages"}],"about":[{"href":"https:\/\/lasalletarija.org\/index.php\/wp-json\/wp\/v2\/types\/page"}],"author":[{"embeddable":true,"href":"https:\/\/lasalletarija.org\/index.php\/wp-json\/wp\/v2\/users\/1"}],"replies":[{"embeddable":true,"href":"https:\/\/lasalletarija.org\/index.php\/wp-json\/wp\/v2\/comments?post=6"}],"version-history":[{"count":11,"href":"https:\/\/lasalletarija.org\/index.php\/wp-json\/wp\/v2\/pages\/6\/revisions"}],"predecessor-version":[{"id":135,"href":"https:\/\/lasalletarija.org\/index.php\/wp-json\/wp\/v2\/pages\/6\/revisions\/135"}],"wp:attachment":[{"href":"https:\/\/lasalletarija.org\/index.php\/wp-json\/wp\/v2\/media?parent=6"}],"curies":[{"name":"wp","href":"https:\/\/api.w.org\/{rel}","templated":true}]}}

<h2 class="wp-block-heading"><strong>Una comunidad de fe</strong></h2>



<p>LA SALLE es una Institución implantada en casi un centenar de países que se dedica a la Educación. Los Centros La Salle reciben su nombre de San Juan Bautista de La Salle quien, a finales del s. XVII se asoció con unos maestros para mantener escuelas dedicadas a los niños pobres. Con ellos fundó el Instituto de los Hermanos de las Escuelas Cristianas.</p>



<p>Juan Bautista y estos maestros, viviendo y reflexionando juntos, llegaron a compartir un mismo espíritu que llenaba de sentido su tarea educadora. Aquellos maestros se convirtieron en Hermanos, personas que se consagran a Dios en comunidad y se comprometen a vivir juntos y por asociación al servicio educativo de los pobres.</p>



<h2 class="wp-block-heading">Misión</h2>



<div class="wp-block-group"><div class="wp-block-group__inner-container is-layout-flow wp-block-group-is-layout-flow">
<div class="wp-block-media-text is-stacked-on-mobile"><figure class="wp-block-media-text__media"><img loading="lazy" decoding="async" width="927" height="720" src="https://lasalletarija.jgnube.com/wp-content/uploads/2022/04/mision.webp" alt="" class="wp-image-125 size-full" srcset="https://lasalletarija.org/wp-content/uploads/2022/04/mision.webp 927w, https://lasalletarija.org/wp-content/uploads/2022/04/mision-300x233.webp 300w, https://lasalletarija.org/wp-content/uploads/2022/04/mision-768x597.webp 768w" sizes="auto, (max-width: 927px) 100vw, 927px" /></figure><div class="wp-block-media-text__content">
<blockquote class="wp-block-quote is-layout-flow wp-block-quote-is-layout-flow"><p>Somos una Unidad Educativa Lasallista, que promueve la formación académica, humana y<br>cristiana de calidad; fortaleciendo los valores, actitudes, capacidades y competencias en los<br>estudiantes, a través de una gestión estratégica de didácticas actualizadas y pertinentes de<br>previsión, para que contribuyan en la promoción de ciudadanías justas a través de su proyecto<br>de vida, consolidado con ética y justicia social</p></blockquote>
</div></div>
</div></div>



<div style="height:39px" aria-hidden="true" class="wp-block-spacer"></div>



<h2 class="wp-block-heading">Visión</h2>



<div class="wp-block-group"><div class="wp-block-group__inner-container is-layout-flow wp-block-group-is-layout-flow">
<div class="wp-block-media-text is-stacked-on-mobile"><figure class="wp-block-media-text__media"><img loading="lazy" decoding="async" width="927" height="720" src="https://lasalletarija.jgnube.com/wp-content/uploads/2022/04/mision.webp" alt="" class="wp-image-125 size-full" srcset="https://lasalletarija.org/wp-content/uploads/2022/04/mision.webp 927w, https://lasalletarija.org/wp-content/uploads/2022/04/mision-300x233.webp 300w, https://lasalletarija.org/wp-content/uploads/2022/04/mision-768x597.webp 768w" sizes="auto, (max-width: 927px) 100vw, 927px" /></figure><div class="wp-block-media-text__content">
<blockquote class="wp-block-quote is-layout-flow wp-block-quote-is-layout-flow"><p>Hasta el año 2024 seremos una Unidad Educativa, líder en la formación académica, humana y cristiana de calidad, desde los principios lasallistas; atentos a las necesidades educativas de nuestros estudiantes y sus familias, construyendo nuevos caminos para transformar vidas y brindando a la sociedad bachilleres con formación ética e integral (aprender a ser, aprender a aprender, aprender haciendo y aprender a vivir juntos).</p></blockquote>
</div></div>
</div></div>



<p></p>

<p>Una comunidad de fe LA SALLE es una Institución implantada en casi un centenar de países que se dedica a la Educación. Los Centros La Salle reciben su nombre de San Juan Bautista de La Salle quien, a finales del s. XVII se asoció con unos maestros para mantener escuelas dedicadas a los niños pobres. [&hellip;]</p>
